{"id":823,"date":"2011-09-26T16:14:06","date_gmt":"2011-09-26T16:14:06","guid":{"rendered":"http:\/\/akustische-kamera.fkm-r.de\/?page_id=823"},"modified":"2011-09-26T18:25:01","modified_gmt":"2011-09-26T18:25:01","slug":"grundbegriffe-in-der-akustik","status":"publish","type":"page","link":"http:\/\/akustische-kamera.fkm-r.de\/?page_id=823","title":{"rendered":"Akustische Grundbegriffe"},"content":{"rendered":"<h3>1. \u00a0\u00a0 Der Schall<\/h3>\n<p style=\"text-align: justify;\">Unter Schall versteht man mechanische Schwingungen in elastischen Medien. Schall kann sich in Fl\u00fcssigkeiten, Festk\u00f6rpern und Gasen ausbreiten. Eine Kraft bewegt die Teilchen aus ihrer Ruhelage, um diese die Teilchen dann periodisch schwingen. Die dabei erzeugte Energie wird in Form einer Welle an die benachbarten Mediumteilchen weitergeben. In der akustischen Messtechnik ist dieses Medium meistens Luft. Die Luft transportiert die Energie einer Schallquelle zum Mikrofon oder zum Ohr. Diese Energie wird durch Luftdichteschwankungen, die sich wellenf\u00f6rmig ausbreiten, transportiert.<\/p>\n<p style=\"text-align: justify;\">Die Anzahl der Druck\u00e4nderungen pro Sekunde nennt man <strong>Frequenz<\/strong>(f). Sie wird in Hertz(Hz) gemessen. Die Frequenz des Schalls erzeugt einen charakteristischen Ton. So besitzen tiefe T\u00f6ne eine niedrige Frequenz und hohe T\u00f6ne eine hohe Frequenz.<\/p>\n<p style=\"text-align: justify;\">Die Druck\u00e4nderungen breiten sich mit einer bestimmten <strong>Geschwindigkeit<\/strong>(c) in dem Medium aus. Diese Ausbreitungsgeschwindigkeit ist von vier Parametern abh\u00e4ngig, wie aus folgender Formel ersichtlich wird.<\/p>\n<p style=\"text-align: center;\">c=\u221a((\u03b3 R T)\/m_Mol<\/p>\n<p style=\"text-align: justify;\">In Luft und bei Raumtemperatur entspricht dies einer Geschwindigkeit von 343 m\/s.<\/p>\n<p style=\"text-align: justify;\">Wenn die Geschwindigkeit und die Frequenz bekannt sind, l\u00e4sst sich daraus die <strong>Wellenl\u00e4nge<\/strong> (\u03bb) berechnen, das ist der Abstand zwei aufeinander folgender Druckspitzen.<\/p>\n<p style=\"text-align: center;\">\u03bb=c\/f<\/p>\n<p style=\"text-align: justify;\">Mit dieser Gleichung l\u00e4sst sich somit die Wellenl\u00e4nge verschiedener Frequenzen berechnen. So ergibt sich z.B. bei 16 Hz eine Wellenl\u00e4nge von 21,5 m und bei 16 kHz nur 2,15 cm. Also sinkt mit zunehmender Frequenz die Wellenl\u00e4nge des Schalls.<\/p>\n<h3>2. \u00a0\u00a0 K\u00f6rperschall<\/h3>\n<p style=\"text-align: justify;\">Die Analyse von schwingenden Strukturen, wie sie in vielen Teilbereichen des t\u00e4glichen Lebens auftreten, ist ein wichtiges Gebiet der akustischen Messtechnik. Diese Strukturschwingungen werden auch <strong>K\u00f6rperschall<\/strong> genannt. Neben Longitudinalwellen k\u00f6nnen in Festk\u00f6rpern auch Transversalwellen transportiert werden, bei denen eine Schwingung senkrecht zur Ausbreitungsrichtung erfolgt. Diese Wellen breiten sich unabh\u00e4ngig voneinander aus. Die \u00dcbertragungsgeschwindigkeit in Festk\u00f6rpern wird \u00fcber die Dichte, \u00fcber das Schubmodul bei Transversalwellen und \u00fcber das Elastizit\u00e4tsmodul bei Longitudinalwellen beeinflusst. Durch die Koppelung dieser beiden Wellenarten entstehen weitere Arten von K\u00f6rperschallwellen. Eine der wichtigsten sind die Biegewellen. Biegewellen rufen eine Bauteilverformung (bei Platten und St\u00e4ben) hervor und sind die wesentliche Ursache f\u00fcr die Abstrahlung von Luftschall bei Festk\u00f6rpern. [1]<\/p>\n<h3>3. \u00a0\u00a0\u00a0 Luftschall<\/h3>\n<p style=\"text-align: justify;\">Schallwellen, die sich \u00fcber die Luft ausbreiten, werden als <strong>Luftschall<\/strong> bezeichnet. Im Gegensatz zum K\u00f6rperschall besteht Luftschall nur aus Longitudinalwellen, da Gase keine Scherkr\u00e4fte \u00fcbertragen k\u00f6nnen. Schallereignisse in der Luft sind dementsprechend zeitliche und \u00f6rtliche Schwankungen des statischen Luftdrucks. Luftschall ist der Schall, den das menschliche Ohr wahrnehmen kann und auch der Schall, der in der Akustik gemessen wird.<\/p>\n<h3 style=\"text-align: justify;\">4. \u00a0\u00a0\u00a0 Schallfeldgr\u00f6\u00dfen<\/h3>\n<p style=\"text-align: justify;\">Die wichtigsten Schallfeldgr\u00f6\u00dfen bei Schallausbreitung in Luft sind der <strong>Schallwechseldruck<\/strong> <em>p<\/em> und die <strong>Schallschnelle<\/strong> .<\/p>\n<p style=\"text-align: justify;\">Der <strong>Schallwechseldruck<\/strong> <em>p<\/em> (Schalldruck) ist dem statischen Druck (Luftdruck) des umgebenden Mediums \u00fcberlagert,<\/p>\n<div align=\"center\">\n<table border=\"0\" cellspacing=\"0\" cellpadding=\"0\">\n<tbody>\n<tr>\n<td valign=\"top\" width=\"144\"><\/td>\n<td style=\"text-align: center;\" valign=\"top\" width=\"144\">\u00a0p=F\/A<\/td>\n<td width=\"144\"><\/td>\n<\/tr>\n<\/tbody>\n<\/table>\n<\/div>\n<p style=\"text-align: justify;\">mit einer Kraft F, die auf eine Fl\u00e4che A wirkt.<\/p>\n<p style=\"text-align: justify;\">Der Gesamtdruck ergibt sich aus der Summe des Schallwechseldrucks mit dem statischen Druck.<\/p>\n<p style=\"text-align: justify;\">Zur Vereinfachung wird in der Praxis anstelle des Schalldrucks h\u00e4ufig der <strong>Schalldruckpegel<\/strong> angegeben, da der h\u00f6rbare Bereich des Schalldrucks acht Zehnerpotenzen umfasst und die Angabe in <em>Pa <\/em>un\u00fcbersichtlich w\u00e4re:<\/p>\n<div align=\"center\">\n<table border=\"0\" cellspacing=\"0\" cellpadding=\"0\">\n<tbody>\n<tr>\n<td valign=\"top\" width=\"144\"><\/td>\n<td style=\"text-align: center;\" valign=\"top\" width=\"144\">\u00a0L=20 logp\/p0<\/td>\n<td width=\"144\"><\/td>\n<\/tr>\n<\/tbody>\n<\/table>\n<\/div>\n<p style=\"text-align: justify;\">Die Angabe des Schalldruckpegels erfolgt in Dezibel. Das Dezibel basiert auf dem logarithmierten Verh\u00e4ltnis einer gemessenen Gr\u00f6\u00dfe zu einem Bezugspegel. Als Bezugsdruck p0 wird die H\u00f6rschwelle von 20 Pa verwendet.<\/p>\n<p style=\"text-align: justify;\">Die <strong>Schallschnelle<\/strong> \u00a0gibt an mit welcher Wechselgeschwindigkeit die Teilchen um ihre Ruhelage schwingen. Die Schallschnelle ist eine vektorielle Gr\u00f6\u00dfe und berechnet sich als Ableitung der Auslenkung\u00a0des schwingenden Teilchens nach der Zeit. Sie wird in m\/s angegeben.<\/p>\n<div align=\"center\">\n<table width=\"640\" border=\"0\" cellspacing=\"0\" cellpadding=\"0\">\n<tbody>\n<tr>\n<td valign=\"top\" width=\"144\"><\/td>\n<td style=\"text-align: center;\" valign=\"top\" width=\"144\">\u00a0\u03bd=d\u03be\/dt [m\/s]<\/td>\n<td width=\"144\"><\/td>\n<\/tr>\n<\/tbody>\n<\/table>\n<\/div>\n<p style=\"text-align: justify;\" align=\"left\">Druck und Schnelle stehen in einer bestimmten Phasenbeziehung zueinander, die je nach Art des Schallfeldes verschieden ist. Bei ebenen fortschreitenden Wellen befinden sich beide Gr\u00f6\u00dfen in Phase. Bei geschlossenen Rohrenden in einer Rohrleitung bspw. befinden sie sich zu 90\u00b0 phasenverschoben. Im Vergleich zur Schallgeschwindigkeit ist die Schallschnelle wesentlich kleiner. Bei der H\u00f6rschwelle eines 1 kHz-Tones betr\u00e4gt sie gerade einmal 5*10<sup>-8<\/sup> m\/s. [2]<\/p>\n<p style=\"text-align: justify;\">Genau wie der Schalldruck und die Schallschnelle l\u00e4sst sich auch die Energie im Schallfeld als sich ausbreitende Welle beschreiben, die sich sowohl zeitlich als auch \u00f6rtlich periodisch \u00e4ndert. Als <strong>Schallintensit\u00e4t<\/strong> bezeichnet man die pro Zeiteinheit durch ein Fl\u00e4chenelement hindurchtretende Schallenergie. Im ebenen Schallfeld ist sie das Produkt aus Schalldruck und Schallschnelle:<\/p>\n<div align=\"center\">\n<table border=\"0\" cellspacing=\"0\" cellpadding=\"0\">\n<tbody>\n<tr>\n<td valign=\"top\" width=\"144\"><\/td>\n<td valign=\"top\" width=\"144\">\n<p style=\"text-align: center;\">\u00a0I=p v=p^2\/Zo<\/p>\n<\/td>\n<td width=\"144\"><\/td>\n<\/tr>\n<\/tbody>\n<\/table>\n<\/div>\n<p>&nbsp;<\/p>\n<p style=\"text-align: justify;\">Die <strong>Schallleistung<\/strong> ist die Energie, die pro Zeiteinheit durch eine senkrecht zur Ausbreitungsrichtung stehende und beliebig gro\u00dfe Fl\u00e4che <em>A<\/em> hindurchtritt.<\/p>\n<div align=\"center\">\n<table border=\"0\" cellspacing=\"0\" cellpadding=\"0\">\n<tbody>\n<tr>\n<td valign=\"top\" width=\"144\"><\/td>\n<td valign=\"top\" width=\"144\">\n<p style=\"text-align: center;\">\u00a0P=I A [W]<\/p>\n<\/td>\n<td width=\"144\"><\/td>\n<\/tr>\n<\/tbody>\n<\/table>\n<\/div>\n<p style=\"text-align: justify;\">Die <strong>Schallkennimpedanz<\/strong> Z<sub>o <\/sub>ist eine charakteristische Gr\u00f6\u00dfe des Ausbreitungsmediums. Sie errechnet sich aus dem Produkt des spezifischen Gewichts \u00a0und der Ausbreitungsgeschwindigkeit c.<\/p>\n<div align=\"center\">\n<table width=\"640\" border=\"0\" cellspacing=\"0\" cellpadding=\"0\">\n<tbody>\n<tr>\n<td valign=\"top\" width=\"144\"><\/td>\n<td valign=\"top\" width=\"144\">\n<p style=\"text-align: center;\">\u00a0Zo=\u03c1 c<\/p>\n<\/td>\n<td width=\"144\"><\/td>\n<\/tr>\n<\/tbody>\n<\/table>\n<\/div>\n<h3><\/h3>\n<h3>5. \u00a0\u00a0 Reflexion und Absorption<\/h3>\n<p style=\"text-align: justify;\">Trifft eine ebene Schallwelle auf eine unendlich ausgedehnte glatte Wand, so wird sie nach dem Reflexionsgesetz zur\u00fcckgeworfen. Ebene, schallharte, nicht absorbierende Gegenst\u00e4nde reflektieren den Schall somit gut. Man spricht auch von gerichteter Reflexion. Dabei ist der <strong>Reflexionsgrad<\/strong> \u00a0ein Ma\u00df f\u00fcr die reflektierte Intensit\u00e4t, die von au\u00dfen kommt.<\/p>\n<p style=\"text-align: justify;\">Der <strong>Schallabsorptionsgrad<\/strong> \u00a0gibt an welcher Teil der Leistung einer auftreffenden Welle von einer Fl\u00e4che absorbiert, d.h. aufgenommen wird. Wenn \u00a0findet keine Absorption statt und der ganze Schall wird reflektiert. Bei \u00a0wird der komplette Schall absorbiert.<\/p>\n<p style=\"text-align: justify;\">F\u00fcr die Schallempfindung in einem Raum spielt das Verh\u00e4ltnis von absorbiertem zu reflektiertem Schall eine ausschlaggebende Rolle. F\u00fcr Schall ergibt sich der Zusammenhang:<\/p>\n<div id=\"attachment_845\" style=\"width: 471px\" class=\"wp-caption aligncenter\"><a href=\"http:\/\/akustische-kamera.fkm-r.de\/wp-content\/uploads\/2011\/09\/Absoption.png\" data-rel=\"lightbox-image-0\" data-rl_title=\"\" data-rl_caption=\"\"><img aria-describedby=\"caption-attachment-845\" decoding=\"async\" loading=\"lazy\" class=\"size-large wp-image-845  \" title=\"\" src=\"http:\/\/akustische-kamera.fkm-r.de\/wp-content\/uploads\/2011\/09\/Absoption-1024x477.png\" alt=\"\" width=\"461\" height=\"214\" srcset=\"http:\/\/akustische-kamera.fkm-r.de\/wp-content\/uploads\/2011\/09\/Absoption-1024x477.png 1024w, http:\/\/akustische-kamera.fkm-r.de\/wp-content\/uploads\/2011\/09\/Absoption-300x139.png 300w, http:\/\/akustische-kamera.fkm-r.de\/wp-content\/uploads\/2011\/09\/Absoption.png 1237w\" sizes=\"(max-width: 461px) 100vw, 461px\" \/><\/a><p id=\"caption-attachment-845\" class=\"wp-caption-text\">Beispiel: Absorbtionsgrad = 0,7<\/p><\/div>\n<p>&nbsp;<\/p>\n<p>[1]<strong> M. M\u00f6ser<\/strong>, <em>Technische Akustik<\/em>, 8th ed. Berlin: Springer, 2009.<\/p>\n<p>[2]<strong> P. Zeller<\/strong>, Ed., <em>Handbuch Fahrzeugakustik<\/em>, 1st ed. Viewg+Teubner GWV Fachverlage GmbH, 2009.<\/p>\n","protected":false},"excerpt":{"rendered":"<p>1. \u00a0\u00a0 Der Schall Unter Schall versteht man mechanische Schwingungen in elastischen Medien. Schall kann sich in Fl\u00fcssigkeiten, Festk\u00f6rpern und Gasen ausbreiten. Eine Kraft bewegt die Teilchen aus ihrer Ruhelage, um diese die Teilchen dann periodisch schwingen. Die dabei erzeugte &hellip; <a href=\"http:\/\/akustische-kamera.fkm-r.de\/?page_id=823\">Weiterlesen <span class=\"meta-nav\">&rarr;<\/span><\/a><\/p>\n","protected":false},"author":2,"featured_media":0,"parent":124,"menu_order":1,"comment_status":"closed","ping_status":"open","template":"","meta":[],"_links":{"self":[{"href":"http:\/\/akustische-kamera.fkm-r.de\/index.php?rest_route=\/wp\/v2\/pages\/823"}],"collection":[{"href":"http:\/\/akustische-kamera.fkm-r.de\/index.php?rest_route=\/wp\/v2\/pages"}],"about":[{"href":"http:\/\/akustische-kamera.fkm-r.de\/index.php?rest_route=\/wp\/v2\/types\/page"}],"author":[{"embeddable":true,"href":"http:\/\/akustische-kamera.fkm-r.de\/index.php?rest_route=\/wp\/v2\/users\/2"}],"replies":[{"embeddable":true,"href":"http:\/\/akustische-kamera.fkm-r.de\/index.php?rest_route=%2Fwp%2Fv2%2Fcomments&post=823"}],"version-history":[{"count":11,"href":"http:\/\/akustische-kamera.fkm-r.de\/index.php?rest_route=\/wp\/v2\/pages\/823\/revisions"}],"predecessor-version":[{"id":825,"href":"http:\/\/akustische-kamera.fkm-r.de\/index.php?rest_route=\/wp\/v2\/pages\/823\/revisions\/825"}],"up":[{"embeddable":true,"href":"http:\/\/akustische-kamera.fkm-r.de\/index.php?rest_route=\/wp\/v2\/pages\/124"}],"wp:attachment":[{"href":"http:\/\/akustische-kamera.fkm-r.de\/index.php?rest_route=%2Fwp%2Fv2%2Fmedia&parent=823"}],"curies":[{"name":"wp","href":"https:\/\/api.w.org\/{rel}","templated":true}]}}

<h3>1.    Der Schall</h3>
<p style="text-align: justify;">Unter Schall versteht man mechanische Schwingungen in elastischen Medien. Schall kann sich in Flüssigkeiten, Festkörpern und Gasen ausbreiten. Eine Kraft bewegt die Teilchen aus ihrer Ruhelage, um diese die Teilchen dann periodisch schwingen. Die dabei erzeugte Energie wird in Form einer Welle an die benachbarten Mediumteilchen weitergeben. In der akustischen Messtechnik ist dieses Medium meistens Luft. Die Luft transportiert die Energie einer Schallquelle zum Mikrofon oder zum Ohr. Diese Energie wird durch Luftdichteschwankungen, die sich wellenförmig ausbreiten, transportiert.</p>
<p style="text-align: justify;">Die Anzahl der Druckänderungen pro Sekunde nennt man <strong>Frequenz</strong>(f). Sie wird in Hertz(Hz) gemessen. Die Frequenz des Schalls erzeugt einen charakteristischen Ton. So besitzen tiefe Töne eine niedrige Frequenz und hohe Töne eine hohe Frequenz.</p>
<p style="text-align: justify;">Die Druckänderungen breiten sich mit einer bestimmten <strong>Geschwindigkeit</strong>(c) in dem Medium aus. Diese Ausbreitungsgeschwindigkeit ist von vier Parametern abhängig, wie aus folgender Formel ersichtlich wird.</p>
<p style="text-align: center;">c=√((γ R T)/m_Mol</p>
<p style="text-align: justify;">In Luft und bei Raumtemperatur entspricht dies einer Geschwindigkeit von 343 m/s.</p>
<p style="text-align: justify;">Wenn die Geschwindigkeit und die Frequenz bekannt sind, lässt sich daraus die <strong>Wellenlänge</strong> (λ) berechnen, das ist der Abstand zwei aufeinander folgender Druckspitzen.</p>
<p style="text-align: center;">λ=c/f</p>
<p style="text-align: justify;">Mit dieser Gleichung lässt sich somit die Wellenlänge verschiedener Frequenzen berechnen. So ergibt sich z.B. bei 16 Hz eine Wellenlänge von 21,5 m und bei 16 kHz nur 2,15 cm. Also sinkt mit zunehmender Frequenz die Wellenlänge des Schalls.</p>
<h3>2.    Körperschall</h3>
<p style="text-align: justify;">Die Analyse von schwingenden Strukturen, wie sie in vielen Teilbereichen des täglichen Lebens auftreten, ist ein wichtiges Gebiet der akustischen Messtechnik. Diese Strukturschwingungen werden auch <strong>Körperschall</strong> genannt. Neben Longitudinalwellen können in Festkörpern auch Transversalwellen transportiert werden, bei denen eine Schwingung senkrecht zur Ausbreitungsrichtung erfolgt. Diese Wellen breiten sich unabhängig voneinander aus. Die Übertragungsgeschwindigkeit in Festkörpern wird über die Dichte, über das Schubmodul bei Transversalwellen und über das Elastizitätsmodul bei Longitudinalwellen beeinflusst. Durch die Koppelung dieser beiden Wellenarten entstehen weitere Arten von Körperschallwellen. Eine der wichtigsten sind die Biegewellen. Biegewellen rufen eine Bauteilverformung (bei Platten und Stäben) hervor und sind die wesentliche Ursache für die Abstrahlung von Luftschall bei Festkörpern. [1]</p>
<h3>3.     Luftschall</h3>
<p style="text-align: justify;">Schallwellen, die sich über die Luft ausbreiten, werden als <strong>Luftschall</strong> bezeichnet. Im Gegensatz zum Körperschall besteht Luftschall nur aus Longitudinalwellen, da Gase keine Scherkräfte übertragen können. Schallereignisse in der Luft sind dementsprechend zeitliche und örtliche Schwankungen des statischen Luftdrucks. Luftschall ist der Schall, den das menschliche Ohr wahrnehmen kann und auch der Schall, der in der Akustik gemessen wird.</p>
<h3 style="text-align: justify;">4.     Schallfeldgrößen</h3>
<p style="text-align: justify;">Die wichtigsten Schallfeldgrößen bei Schallausbreitung in Luft sind der <strong>Schallwechseldruck</strong> <em>p</em> und die <strong>Schallschnelle</strong> .</p>
<p style="text-align: justify;">Der <strong>Schallwechseldruck</strong> <em>p</em> (Schalldruck) ist dem statischen Druck (Luftdruck) des umgebenden Mediums überlagert,</p>
<div align="center">
<table border="0" cellspacing="0" cellpadding="0">
<tbody>
<tr>
<td valign="top" width="144"></td>
<td style="text-align: center;" valign="top" width="144"> p=F/A</td>
<td width="144"></td>
</tr>
</tbody>
</table>
</div>
<p style="text-align: justify;">mit einer Kraft F, die auf eine Fläche A wirkt.</p>
<p style="text-align: justify;">Der Gesamtdruck ergibt sich aus der Summe des Schallwechseldrucks mit dem statischen Druck.</p>
<p style="text-align: justify;">Zur Vereinfachung wird in der Praxis anstelle des Schalldrucks häufig der <strong>Schalldruckpegel</strong> angegeben, da der hörbare Bereich des Schalldrucks acht Zehnerpotenzen umfasst und die Angabe in <em>Pa </em>unübersichtlich wäre:</p>
<div align="center">
<table border="0" cellspacing="0" cellpadding="0">
<tbody>
<tr>
<td valign="top" width="144"></td>
<td style="text-align: center;" valign="top" width="144"> L=20 logp/p0</td>
<td width="144"></td>
</tr>
</tbody>
</table>
</div>
<p style="text-align: justify;">Die Angabe des Schalldruckpegels erfolgt in Dezibel. Das Dezibel basiert auf dem logarithmierten Verhältnis einer gemessenen Größe zu einem Bezugspegel. Als Bezugsdruck p0 wird die Hörschwelle von 20 Pa verwendet.</p>
<p style="text-align: justify;">Die <strong>Schallschnelle</strong>  gibt an mit welcher Wechselgeschwindigkeit die Teilchen um ihre Ruhelage schwingen. Die Schallschnelle ist eine vektorielle Größe und berechnet sich als Ableitung der Auslenkung des schwingenden Teilchens nach der Zeit. Sie wird in m/s angegeben.</p>
<div align="center">
<table width="640" border="0" cellspacing="0" cellpadding="0">
<tbody>
<tr>
<td valign="top" width="144"></td>
<td style="text-align: center;" valign="top" width="144"> ν=dξ/dt [m/s]</td>
<td width="144"></td>
</tr>
</tbody>
</table>
</div>
<p style="text-align: justify;" align="left">Druck und Schnelle stehen in einer bestimmten Phasenbeziehung zueinander, die je nach Art des Schallfeldes verschieden ist. Bei ebenen fortschreitenden Wellen befinden sich beide Größen in Phase. Bei geschlossenen Rohrenden in einer Rohrleitung bspw. befinden sie sich zu 90° phasenverschoben. Im Vergleich zur Schallgeschwindigkeit ist die Schallschnelle wesentlich kleiner. Bei der Hörschwelle eines 1 kHz-Tones beträgt sie gerade einmal 5*10<sup>-8</sup> m/s. [2]</p>
<p style="text-align: justify;">Genau wie der Schalldruck und die Schallschnelle lässt sich auch die Energie im Schallfeld als sich ausbreitende Welle beschreiben, die sich sowohl zeitlich als auch örtlich periodisch ändert. Als <strong>Schallintensität</strong> bezeichnet man die pro Zeiteinheit durch ein Flächenelement hindurchtretende Schallenergie. Im ebenen Schallfeld ist sie das Produkt aus Schalldruck und Schallschnelle:</p>
<div align="center">
<table border="0" cellspacing="0" cellpadding="0">
<tbody>
<tr>
<td valign="top" width="144"></td>
<td valign="top" width="144">
<p style="text-align: center;"> I=p v=p^2/Zo</p>
</td>
<td width="144"></td>
</tr>
</tbody>
</table>
</div>
<p>&nbsp;</p>
<p style="text-align: justify;">Die <strong>Schallleistung</strong> ist die Energie, die pro Zeiteinheit durch eine senkrecht zur Ausbreitungsrichtung stehende und beliebig große Fläche <em>A</em> hindurchtritt.</p>
<div align="center">
<table border="0" cellspacing="0" cellpadding="0">
<tbody>
<tr>
<td valign="top" width="144"></td>
<td valign="top" width="144">
<p style="text-align: center;"> P=I A [W]</p>
</td>
<td width="144"></td>
</tr>
</tbody>
</table>
</div>
<p style="text-align: justify;">Die <strong>Schallkennimpedanz</strong> Z<sub>o </sub>ist eine charakteristische Größe des Ausbreitungsmediums. Sie errechnet sich aus dem Produkt des spezifischen Gewichts  und der Ausbreitungsgeschwindigkeit c.</p>
<div align="center">
<table width="640" border="0" cellspacing="0" cellpadding="0">
<tbody>
<tr>
<td valign="top" width="144"></td>
<td valign="top" width="144">
<p style="text-align: center;"> Zo=ρ c</p>
</td>
<td width="144"></td>
</tr>
</tbody>
</table>
</div>
<h3></h3>
<h3>5.    Reflexion und Absorption</h3>
<p style="text-align: justify;">Trifft eine ebene Schallwelle auf eine unendlich ausgedehnte glatte Wand, so wird sie nach dem Reflexionsgesetz zurückgeworfen. Ebene, schallharte, nicht absorbierende Gegenstände reflektieren den Schall somit gut. Man spricht auch von gerichteter Reflexion. Dabei ist der <strong>Reflexionsgrad</strong>  ein Maß für die reflektierte Intensität, die von außen kommt.</p>
<p style="text-align: justify;">Der <strong>Schallabsorptionsgrad</strong>  gibt an welcher Teil der Leistung einer auftreffenden Welle von einer Fläche absorbiert, d.h. aufgenommen wird. Wenn  findet keine Absorption statt und der ganze Schall wird reflektiert. Bei  wird der komplette Schall absorbiert.</p>
<p style="text-align: justify;">Für die Schallempfindung in einem Raum spielt das Verhältnis von absorbiertem zu reflektiertem Schall eine ausschlaggebende Rolle. Für Schall ergibt sich der Zusammenhang:</p>
<div id="attachment_845" style="width: 471px" class="wp-caption aligncenter"><a href="http://akustische-kamera.fkm-r.de/wp-content/uploads/2011/09/Absoption.png" data-rel="lightbox-image-0" data-rl_title="" data-rl_caption=""><img aria-describedby="caption-attachment-845" decoding="async" loading="lazy" class="size-large wp-image-845  " title="" src="http://akustische-kamera.fkm-r.de/wp-content/uploads/2011/09/Absoption-1024x477.png" alt="" width="461" height="214" srcset="http://akustische-kamera.fkm-r.de/wp-content/uploads/2011/09/Absoption-1024x477.png 1024w, http://akustische-kamera.fkm-r.de/wp-content/uploads/2011/09/Absoption-300x139.png 300w, http://akustische-kamera.fkm-r.de/wp-content/uploads/2011/09/Absoption.png 1237w" sizes="(max-width: 461px) 100vw, 461px" /></a><p id="caption-attachment-845" class="wp-caption-text">Beispiel: Absorbtionsgrad = 0,7</p></div>
<p>&nbsp;</p>
<p>[1]<strong> M. Möser</strong>, <em>Technische Akustik</em>, 8th ed. Berlin: Springer, 2009.</p>
<p>[2]<strong> P. Zeller</strong>, Ed., <em>Handbuch Fahrzeugakustik</em>, 1st ed. Viewg+Teubner GWV Fachverlage GmbH, 2009.</p>

<p>1.    Der Schall Unter Schall versteht man mechanische Schwingungen in elastischen Medien. Schall kann sich in Flüssigkeiten, Festkörpern und Gasen ausbreiten. Eine Kraft bewegt die Teilchen aus ihrer Ruhelage, um diese die Teilchen dann periodisch schwingen. Die dabei erzeugte &hellip; <a href="http://akustische-kamera.fkm-r.de/?page_id=823">Weiterlesen <span class="meta-nav">&rarr;</span></a></p>
