{"id":480,"date":"2011-08-25T22:53:39","date_gmt":"2011-08-25T22:53:39","guid":{"rendered":"http:\/\/akustische-kamera.fkm-r.de\/?page_id=480"},"modified":"2011-08-25T23:05:40","modified_gmt":"2011-08-25T23:05:40","slug":"suche-nach-gerauschdominierenden-schallquellen-im-leerlauf","status":"publish","type":"page","link":"http:\/\/akustische-kamera.fkm-r.de\/?page_id=480","title":{"rendered":"Suche nach den ger\u00e4uschdominierenden Schallquellen im Leerlauf"},"content":{"rendered":"<p style=\"text-align: justify;\">In einem weiteren Schritt wird versucht, die dominierenden Schallquellen bzw. Ger\u00e4uschpegel speziell im Leerlaufbetrieb entstehungsgerecht zu lokalisieren. Dazu wird ein akustisches Foto im Messzeitraum von 500 bis 1000 ms aus den Kanaldaten erstellt. Dieses ist im Bild dargestellt, wobei f\u00fcr die Anzeige des Effektivwerts des Schalldruckes eine logarithmische Darstellung als Pegelgr\u00f6\u00dfe in dB gew\u00e4hlt wird.<\/p>\n<div id=\"attachment_483\" style=\"width: 422px\" class=\"wp-caption aligncenter\"><a href=\"http:\/\/akustische-kamera.fkm-r.de\/wp-content\/uploads\/2011\/08\/akustisches-Foto.bmp\" data-rel=\"lightbox-image-0\" data-rl_title=\"\" data-rl_caption=\"\"><img aria-describedby=\"caption-attachment-483\" decoding=\"async\" loading=\"lazy\" class=\"size-full wp-image-483 \" title=\"\" src=\"http:\/\/akustische-kamera.fkm-r.de\/wp-content\/uploads\/2011\/08\/akustisches-Foto.bmp\" alt=\"\" width=\"412\" height=\"290\" \/><\/a><p id=\"caption-attachment-483\" class=\"wp-caption-text\">Bild: akustisches Foto vom Leerlauf <\/p><\/div>\n<p style=\"text-align: justify;\">Mit Hilfe des erstellten Fotos kann festgestellt werden, dass der w\u00e4hrend des Leerlaufbetriebes insgesamt dominierende Ger\u00e4uschpegel auf das rotierende S\u00e4geblatt zur\u00fcckzuf\u00fchren ist, d.h. das S\u00e4geblatt kann als ger\u00e4uschdominierende Schallquelle lokalisiert werden.<\/p>\n<p style=\"text-align: justify;\">Die charakteristischen Leerlaufger\u00e4usche entstehen zum einen dadurch, dass durch das sich drehende S\u00e4geblatt Str\u00f6mungsger\u00e4usche in der umgebenden Luft erzeugt werden, zum anderen wird das S\u00e4geblatt auch w\u00e4hrend des Leerlaufbetriebs in Eigenschwingungen versetzt, die ebenfalls zur Entstehung von Luftschall beitragen.\u00a0[1]<\/p>\n<p style=\"text-align: justify;\">&nbsp;<\/p>\n<p style=\"text-align: justify;\">&nbsp;<\/p>\n<p style=\"text-align: justify;\">Quelle:<\/p>\n<p>[1]\u00a0\u00a0\u00a0\u00a0 Schr\u00f6der Felix: &#8222;Minus ZEHN&#8220; &#8211; Ganzheitliche L\u00e4rmreduktion in der Holzbearbeitung, www.fgw.de\/index.php?idcatside=130 (Sichtag: 10.08.2011)<\/p>\n<p style=\"text-align: center;\">&nbsp;<\/p>\n<p style=\"text-align: justify;\">&nbsp;<\/p>\n","protected":false},"excerpt":{"rendered":"<p>In einem weiteren Schritt wird versucht, die dominierenden Schallquellen bzw. Ger\u00e4uschpegel speziell im Leerlaufbetrieb entstehungsgerecht zu lokalisieren. Dazu wird ein akustisches Foto im Messzeitraum von 500 bis 1000 ms aus den Kanaldaten erstellt. Dieses ist im Bild dargestellt, wobei f\u00fcr &hellip; <a href=\"http:\/\/akustische-kamera.fkm-r.de\/?page_id=480\">Weiterlesen <span class=\"meta-nav\">&rarr;<\/span><\/a><\/p>\n","protected":false},"author":2,"featured_media":0,"parent":399,"menu_order":3,"comment_status":"closed","ping_status":"closed","template":"","meta":[],"_links":{"self":[{"href":"http:\/\/akustische-kamera.fkm-r.de\/index.php?rest_route=\/wp\/v2\/pages\/480"}],"collection":[{"href":"http:\/\/akustische-kamera.fkm-r.de\/index.php?rest_route=\/wp\/v2\/pages"}],"about":[{"href":"http:\/\/akustische-kamera.fkm-r.de\/index.php?rest_route=\/wp\/v2\/types\/page"}],"author":[{"embeddable":true,"href":"http:\/\/akustische-kamera.fkm-r.de\/index.php?rest_route=\/wp\/v2\/users\/2"}],"replies":[{"embeddable":true,"href":"http:\/\/akustische-kamera.fkm-r.de\/index.php?rest_route=%2Fwp%2Fv2%2Fcomments&post=480"}],"version-history":[{"count":6,"href":"http:\/\/akustische-kamera.fkm-r.de\/index.php?rest_route=\/wp\/v2\/pages\/480\/revisions"}],"predecessor-version":[{"id":487,"href":"http:\/\/akustische-kamera.fkm-r.de\/index.php?rest_route=\/wp\/v2\/pages\/480\/revisions\/487"}],"up":[{"embeddable":true,"href":"http:\/\/akustische-kamera.fkm-r.de\/index.php?rest_route=\/wp\/v2\/pages\/399"}],"wp:attachment":[{"href":"http:\/\/akustische-kamera.fkm-r.de\/index.php?rest_route=%2Fwp%2Fv2%2Fmedia&parent=480"}],"curies":[{"name":"wp","href":"https:\/\/api.w.org\/{rel}","templated":true}]}}

Suche nach den geräuschdominierenden Schallquellen im Leerlauf

<p style="text-align: justify;">In einem weiteren Schritt wird versucht, die dominierenden Schallquellen bzw. Geräuschpegel speziell im Leerlaufbetrieb entstehungsgerecht zu lokalisieren. Dazu wird ein akustisches Foto im Messzeitraum von 500 bis 1000 ms aus den Kanaldaten erstellt. Dieses ist im Bild dargestellt, wobei für die Anzeige des Effektivwerts des Schalldruckes eine logarithmische Darstellung als Pegelgröße in dB gewählt wird.</p>
<div id="attachment_483" style="width: 422px" class="wp-caption aligncenter"><a href="http://akustische-kamera.fkm-r.de/wp-content/uploads/2011/08/akustisches-Foto.bmp" data-rel="lightbox-image-0" data-rl_title="" data-rl_caption=""><img aria-describedby="caption-attachment-483" decoding="async" loading="lazy" class="size-full wp-image-483 " title="" src="http://akustische-kamera.fkm-r.de/wp-content/uploads/2011/08/akustisches-Foto.bmp" alt="" width="412" height="290" /></a><p id="caption-attachment-483" class="wp-caption-text">Bild: akustisches Foto vom Leerlauf </p></div>
<p style="text-align: justify;">Mit Hilfe des erstellten Fotos kann festgestellt werden, dass der während des Leerlaufbetriebes insgesamt dominierende Geräuschpegel auf das rotierende Sägeblatt zurückzuführen ist, d.h. das Sägeblatt kann als geräuschdominierende Schallquelle lokalisiert werden.</p>
<p style="text-align: justify;">Die charakteristischen Leerlaufgeräusche entstehen zum einen dadurch, dass durch das sich drehende Sägeblatt Strömungsgeräusche in der umgebenden Luft erzeugt werden, zum anderen wird das Sägeblatt auch während des Leerlaufbetriebs in Eigenschwingungen versetzt, die ebenfalls zur Entstehung von Luftschall beitragen. [1]</p>
<p style="text-align: justify;">&nbsp;</p>
<p style="text-align: justify;">&nbsp;</p>
<p style="text-align: justify;">Quelle:</p>
<p>[1]     Schröder Felix: &#8222;Minus ZEHN&#8220; &#8211; Ganzheitliche Lärmreduktion in der Holzbearbeitung, www.fgw.de/index.php?idcatside=130 (Sichtag: 10.08.2011)</p>
<p style="text-align: center;">&nbsp;</p>
<p style="text-align: justify;">&nbsp;</p>

<p>In einem weiteren Schritt wird versucht, die dominierenden Schallquellen bzw. Geräuschpegel speziell im Leerlaufbetrieb entstehungsgerecht zu lokalisieren. Dazu wird ein akustisches Foto im Messzeitraum von 500 bis 1000 ms aus den Kanaldaten erstellt. Dieses ist im Bild dargestellt, wobei für &hellip; <a href="http://akustische-kamera.fkm-r.de/?page_id=480">Weiterlesen <span class="meta-nav">&rarr;</span></a></p>
