{"id":399,"date":"2011-08-25T12:19:26","date_gmt":"2011-08-25T12:19:26","guid":{"rendered":"http:\/\/akustische-kamera.fkm-r.de\/?page_id=399"},"modified":"2019-12-20T15:46:36","modified_gmt":"2019-12-20T15:46:36","slug":"tischkreissage","status":"publish","type":"page","link":"http:\/\/akustische-kamera.fkm-r.de\/?page_id=399","title":{"rendered":"Tischkreiss\u00e4ge"},"content":{"rendered":"<h1>Messobjekt &#8211; Tischkreiss\u00e4ge<\/h1>\n<p style=\"text-align: justify;\">Bei einer Tischkreiss\u00e4ge handelt es sich um eine Holzbearbeitungsmaschine, die zum Schneiden und Durchtrennen von h\u00f6lzernen Materialien verwendet wird. Die im Rahmen der vorliegenden Arbeit zu untersuchende Tischkreiss\u00e4ge<a href=\"#_ftn1\">(1)<\/a> ist nachfolgend in Bild 1 aufgezeigt. Im Betrieb wird das hartmetallbest\u00fcckte S\u00e4geblatt von einem Elektromotor angetrieben. Dabei sitzt das S\u00e4geblatt direkt auf der Motorwelle des Elektromotors. Die Nenndrehzahl des Elektromotors ist mit 2800 1\/min angegeben. Der Elektromotor besitzt eine elektrische Leistung von 700 W.<\/p>\n<div id=\"attachment_496\" style=\"width: 443px\" class=\"wp-caption aligncenter\"><a href=\"http:\/\/akustische-kamera.fkm-r.de\/wp-content\/uploads\/2011\/08\/Tischkreiss\u00e4ge1.bmp\" data-rel=\"lightbox-image-0\" data-rl_title=\"\" data-rl_caption=\"\"><img aria-describedby=\"caption-attachment-496\" decoding=\"async\" loading=\"lazy\" class=\"size-full wp-image-496 \" title=\"\" src=\"http:\/\/akustische-kamera.fkm-r.de\/wp-content\/uploads\/2011\/08\/Tischkreiss\u00e4ge1.bmp\" alt=\"\" width=\"433\" height=\"248\" \/><\/a><p id=\"caption-attachment-496\" class=\"wp-caption-text\">Bild 1: Tischkreiss\u00e4ge<\/p><\/div>\n<p style=\"text-align: justify;\">Im Bild 1 nicht dargestellt ist der ebenfalls zur Tischkreiss\u00e4ge geh\u00f6rende Spaltkeil<a href=\"#_ftn1\">(2)<\/a>. Dieser wurde im Hinblick auf die bevorstehende Messung abmontiert.<\/p>\n<p style=\"text-align: justify;\">Es sei an dieser Stelle ausdr\u00fccklich darauf hingewiesen, dass das Entfernen von Sicherheitsvorrichtungen, wie etwa Abdeckhaube oder Spaltkeil, aufgrund der Unfallverh\u00fctungsvorschriften im Regelfall <strong>nicht<\/strong> zul\u00e4ssig ist. Der Spaltkeil wurde hier ausnahmsweise entfernt, um eine ung\u00fcnstige Beeinflussung des sich ergebenden Schalldruckfeldes zu vermeiden.<\/p>\n<h1>Messaufbau<\/h1>\n<p style=\"text-align: justify;\">Die Tischkreiss\u00e4ge wurde entsprechend dem Bild 2 im Reflexionsarmen Raum positioniert. Dabei wurde diese auf einen Rollwagen gestellt, um eine g\u00fcnstige Arbeitsposition zu schaffen. Der Abstand von der Mitte des Mikrofonarrays der Akustischen Kamera zum S\u00e4geblatt betrug etwa 1,20 m.<\/p>\n<div id=\"attachment_510\" style=\"width: 339px\" class=\"wp-caption aligncenter\"><a href=\"http:\/\/akustische-kamera.fkm-r.de\/wp-content\/uploads\/2011\/08\/Messaufbau.bmp\" data-rel=\"lightbox-image-1\" data-rl_title=\"\" data-rl_caption=\"\"><img aria-describedby=\"caption-attachment-510\" decoding=\"async\" loading=\"lazy\" class=\"size-full wp-image-510\" title=\"\" src=\"http:\/\/akustische-kamera.fkm-r.de\/wp-content\/uploads\/2011\/08\/Messaufbau.bmp\" alt=\"\" width=\"329\" height=\"253\" \/><\/a><p id=\"caption-attachment-510\" class=\"wp-caption-text\">Bild 2: Messaufbau<\/p><\/div>\n<h1 style=\"text-align: left;\">Messdurchf\u00fchrung<\/h1>\n<p style=\"text-align: justify;\">Bei der durchzuf\u00fchrenden Messung wurde die Tischkreiss\u00e4ge sowohl im Leerlauf als auch im Lastlauf betrieben. Im Lastlaufbetrieb wurde dabei exemplarisch eine Fichtenholzlatte durchgeschnitten.<\/p>\n<p><strong>Audio:<\/strong><\/p>\n<!--[if lt IE 9]><script>document.createElement('audio');<\/script><![endif]-->\n<audio class=\"wp-audio-shortcode\" id=\"audio-399-1\" preload=\"none\" style=\"width: 100%;\" controls=\"controls\"><source type=\"audio\/mpeg\" src=\"http:\/\/akustische-kamera.fkm-r.de\/wp-content\/uploads\/2019\/12\/tischkreissaege.mp3?_=1\" \/><a href=\"http:\/\/akustische-kamera.fkm-r.de\/wp-content\/uploads\/2019\/12\/tischkreissaege.mp3\">http:\/\/akustische-kamera.fkm-r.de\/wp-content\/uploads\/2019\/12\/tischkreissaege.mp3<\/a><\/audio>\n<p><span style=\"color: #ffffff;\">.<\/span><\/p>\n<div>\n<hr size=\"1\" \/>\n<div>\n<p><a href=\"#_ftnref1\">(2)<\/a> Ein Spaltkeil verhindert das R\u00fcckschlagen des Werkst\u00fccks beim Schneiden und sch\u00fctzt gegen Ber\u00fchren des S\u00e4geblattes von hinten.<\/p>\n<\/div>\n<\/div>\n<div>\n<hr size=\"1\" \/>\n<div>\n<p><a href=\"#_ftnref1\">(1)<\/a> Es handelt sich um die Tischkreiss\u00e4ge KCT 200 vom Hersteller KingCraft.<\/p>\n<\/div>\n<\/div>\n","protected":false},"excerpt":{"rendered":"<p>Messobjekt &#8211; Tischkreiss\u00e4ge Bei einer Tischkreiss\u00e4ge handelt es sich um eine Holzbearbeitungsmaschine, die zum Schneiden und Durchtrennen von h\u00f6lzernen Materialien verwendet wird. Die im Rahmen der vorliegenden Arbeit zu untersuchende Tischkreiss\u00e4ge(1) ist nachfolgend in Bild 1 aufgezeigt. Im Betrieb wird &hellip; <a href=\"http:\/\/akustische-kamera.fkm-r.de\/?page_id=399\">Weiterlesen <span class=\"meta-nav\">&rarr;<\/span><\/a><\/p>\n","protected":false},"author":2,"featured_media":0,"parent":52,"menu_order":6,"comment_status":"closed","ping_status":"open","template":"","meta":[],"_links":{"self":[{"href":"http:\/\/akustische-kamera.fkm-r.de\/index.php?rest_route=\/wp\/v2\/pages\/399"}],"collection":[{"href":"http:\/\/akustische-kamera.fkm-r.de\/index.php?rest_route=\/wp\/v2\/pages"}],"about":[{"href":"http:\/\/akustische-kamera.fkm-r.de\/index.php?rest_route=\/wp\/v2\/types\/page"}],"author":[{"embeddable":true,"href":"http:\/\/akustische-kamera.fkm-r.de\/index.php?rest_route=\/wp\/v2\/users\/2"}],"replies":[{"embeddable":true,"href":"http:\/\/akustische-kamera.fkm-r.de\/index.php?rest_route=%2Fwp%2Fv2%2Fcomments&post=399"}],"version-history":[{"count":23,"href":"http:\/\/akustische-kamera.fkm-r.de\/index.php?rest_route=\/wp\/v2\/pages\/399\/revisions"}],"predecessor-version":[{"id":941,"href":"http:\/\/akustische-kamera.fkm-r.de\/index.php?rest_route=\/wp\/v2\/pages\/399\/revisions\/941"}],"up":[{"embeddable":true,"href":"http:\/\/akustische-kamera.fkm-r.de\/index.php?rest_route=\/wp\/v2\/pages\/52"}],"wp:attachment":[{"href":"http:\/\/akustische-kamera.fkm-r.de\/index.php?rest_route=%2Fwp%2Fv2%2Fmedia&parent=399"}],"curies":[{"name":"wp","href":"https:\/\/api.w.org\/{rel}","templated":true}]}}