{"id":305,"date":"2011-08-24T15:30:10","date_gmt":"2011-08-24T15:30:10","guid":{"rendered":"http:\/\/akustische-kamera.fkm-r.de\/?page_id=305"},"modified":"2019-12-20T08:02:48","modified_gmt":"2019-12-20T08:02:48","slug":"klopfmaschine","status":"publish","type":"page","link":"http:\/\/akustische-kamera.fkm-r.de\/?page_id=305","title":{"rendered":"Klopfmaschine"},"content":{"rendered":"<h1><strong>Messobjekt \u2013 Klopfmaschine<\/strong><\/h1>\n<p style=\"text-align: justify;\">Klopfmaschinen sind Ger\u00e4te, die eine genau definierte Anzahl von St\u00f6\u00dfen bzw. Impulse erzeugen k\u00f6nnen. Angewendet werden diese haupts\u00e4chlich in der Bauphysik bei der Untersuchung der Trittschalleigenschaften von Fu\u00dfb\u00f6den.\u00a0[1]<\/p>\n<p style=\"text-align: justify;\">Die hier zu untersuchende Klopfmaschine ist in Bild 1 dargestellt. Diese ist mit f\u00fcnf H\u00e4mmern ausgestattet, welche w\u00e4hrend des Betriebes kontinuierlich in einer bestimmten Taktfolge auf den Fu\u00dfboden aufschlagen. Den H\u00e4mmern sind dabei Nummern von 1 bis 5 zugeordnet, um sie voneinander unterscheiden zu k\u00f6nnen. F\u00fcr den Antrieb ist ein Elektromotor verantwortlich, welcher \u00fcber einen Riementrieb und einem nachgeschalteten Getriebe eine Art \u201eNockenwelle\u201c antreibt. Diese bewirkt ein Auslenken der einzelnen H\u00e4mmer, die ab einen bestimmten Punkt durch die Schwerkraft abwechselnd auf den Boden aufschlagen.<\/p>\n<div id=\"attachment_418\" style=\"width: 544px\" class=\"wp-caption aligncenter\"><a href=\"http:\/\/akustische-kamera.fkm-r.de\/wp-content\/uploads\/2011\/08\/klopfmaschine.bmp\" data-rel=\"lightbox-image-0\" data-rl_title=\"\" data-rl_caption=\"\"><img aria-describedby=\"caption-attachment-418\" decoding=\"async\" loading=\"lazy\" class=\"size-full wp-image-418 \" title=\"\" src=\"http:\/\/akustische-kamera.fkm-r.de\/wp-content\/uploads\/2011\/08\/klopfmaschine.bmp\" alt=\"\" width=\"534\" height=\"292\" \/><\/a><p id=\"caption-attachment-418\" class=\"wp-caption-text\">Bild 1: Klopfmaschine<\/p><\/div>\n<p>&nbsp;<\/p>\n<div id=\"jwplayer-center\">Video:<\/div>\n<div>\n<div style=\"width: 640px;\" class=\"wp-video\"><!--[if lt IE 9]><script>document.createElement('video');<\/script><![endif]-->\n<video class=\"wp-video-shortcode\" id=\"video-305-1\" width=\"640\" height=\"360\" preload=\"metadata\" controls=\"controls\"><source type=\"video\/mp4\" src=\"http:\/\/akustische-kamera.fkm-r.de\/wp-content\/uploads\/2019\/12\/klopfmaschine-objekt.mp4?_=1\" \/><a href=\"http:\/\/akustische-kamera.fkm-r.de\/wp-content\/uploads\/2019\/12\/klopfmaschine-objekt.mp4\">http:\/\/akustische-kamera.fkm-r.de\/wp-content\/uploads\/2019\/12\/klopfmaschine-objekt.mp4<\/a><\/video><\/div>\n<\/div>\n<h1><\/h1>\n<h1><\/h1>\n<h1><strong>Messaufbau<\/strong><\/h1>\n<p style=\"text-align: justify;\">F\u00fcr die Messung wurde die Klopfmaschine entsprechend Bild 2 in der Mitte des Reflexionsarmen Raumes positioniert. Der Abstand, ausgehend von der USB-Kamera in der Mitte des Mikrofonarrays, zur Klopfmaschine betr\u00e4gt in etwa 1,40 m. Zuvor wurde das Mikrofonarray ca. 30\u00b0 nach vorne geschwenkt. Die H\u00f6he vom Boden zur in der Mitte des Mikrofonarray befindlichen USB-Kamera betrug dabei ca. 1,0 m.<\/p>\n<div id=\"attachment_329\" style=\"width: 402px\" class=\"wp-caption aligncenter\"><a href=\"http:\/\/akustische-kamera.fkm-r.de\/wp-content\/uploads\/2011\/08\/Messaufbau3.jpg\" data-rel=\"lightbox-image-1\" data-rl_title=\"\" data-rl_caption=\"\"><img aria-describedby=\"caption-attachment-329\" decoding=\"async\" loading=\"lazy\" class=\"size-full wp-image-329\" title=\"\" src=\"http:\/\/akustische-kamera.fkm-r.de\/wp-content\/uploads\/2011\/08\/Messaufbau3.jpg\" alt=\"\" width=\"392\" height=\"294\" srcset=\"http:\/\/akustische-kamera.fkm-r.de\/wp-content\/uploads\/2011\/08\/Messaufbau3.jpg 613w, http:\/\/akustische-kamera.fkm-r.de\/wp-content\/uploads\/2011\/08\/Messaufbau3-300x225.jpg 300w\" sizes=\"(max-width: 392px) 100vw, 392px\" \/><\/a><p id=\"caption-attachment-329\" class=\"wp-caption-text\">Bild 2: Messaufbau<\/p><\/div>\n<h1><strong>Messdurchf\u00fchrung<\/strong><\/h1>\n<p>Zur Durchf\u00fchrung der Messung wurde die Klopfmaschine in Betrieb gesetzt und \u00fcber einen Zeitraum von ca. 5 s gemessen.<\/p>\n<p>&nbsp;<\/p>\n<p>&nbsp;<\/p>\n<p>Quelle:<\/p>\n<p>[1] OHG, Deutsche Rockwool Mineralwool GmbH &amp; Co. <em>Rockwool Marine &amp; Offshore &#8211; Akustik Handbuch<\/em><\/p>\n","protected":false},"excerpt":{"rendered":"<p>Messobjekt \u2013 Klopfmaschine Klopfmaschinen sind Ger\u00e4te, die eine genau definierte Anzahl von St\u00f6\u00dfen bzw. Impulse erzeugen k\u00f6nnen. Angewendet werden diese haupts\u00e4chlich in der Bauphysik bei der Untersuchung der Trittschalleigenschaften von Fu\u00dfb\u00f6den.\u00a0[1] Die hier zu untersuchende Klopfmaschine ist in Bild 1 &hellip; <a href=\"http:\/\/akustische-kamera.fkm-r.de\/?page_id=305\">Weiterlesen <span class=\"meta-nav\">&rarr;<\/span><\/a><\/p>\n","protected":false},"author":2,"featured_media":0,"parent":52,"menu_order":4,"comment_status":"closed","ping_status":"open","template":"","meta":[],"_links":{"self":[{"href":"http:\/\/akustische-kamera.fkm-r.de\/index.php?rest_route=\/wp\/v2\/pages\/305"}],"collection":[{"href":"http:\/\/akustische-kamera.fkm-r.de\/index.php?rest_route=\/wp\/v2\/pages"}],"about":[{"href":"http:\/\/akustische-kamera.fkm-r.de\/index.php?rest_route=\/wp\/v2\/types\/page"}],"author":[{"embeddable":true,"href":"http:\/\/akustische-kamera.fkm-r.de\/index.php?rest_route=\/wp\/v2\/users\/2"}],"replies":[{"embeddable":true,"href":"http:\/\/akustische-kamera.fkm-r.de\/index.php?rest_route=%2Fwp%2Fv2%2Fcomments&post=305"}],"version-history":[{"count":25,"href":"http:\/\/akustische-kamera.fkm-r.de\/index.php?rest_route=\/wp\/v2\/pages\/305\/revisions"}],"predecessor-version":[{"id":897,"href":"http:\/\/akustische-kamera.fkm-r.de\/index.php?rest_route=\/wp\/v2\/pages\/305\/revisions\/897"}],"up":[{"embeddable":true,"href":"http:\/\/akustische-kamera.fkm-r.de\/index.php?rest_route=\/wp\/v2\/pages\/52"}],"wp:attachment":[{"href":"http:\/\/akustische-kamera.fkm-r.de\/index.php?rest_route=%2Fwp%2Fv2%2Fmedia&parent=305"}],"curies":[{"name":"wp","href":"https:\/\/api.w.org\/{rel}","templated":true}]}}