{"id":284,"date":"2011-08-24T09:35:30","date_gmt":"2011-08-24T09:35:30","guid":{"rendered":"http:\/\/akustische-kamera.fkm-r.de\/?page_id=284"},"modified":"2019-12-20T10:10:04","modified_gmt":"2019-12-20T10:10:04","slug":"akustischer-film","status":"publish","type":"page","link":"http:\/\/akustische-kamera.fkm-r.de\/?page_id=284","title":{"rendered":"Akustischer Film"},"content":{"rendered":"<p style=\"text-align: justify;\">In einem weiteren Schritt wurde ein akustischer Film von der kompletten Messung der Klangschalen generiert, mit dessen Hilfe der zeitliche Verlauf der resultierenden Schallquelle(n) visualisiert werden kann.<\/p>\n<div id=\"jwplayer-center\">\n<div style=\"width: 480px;\" class=\"wp-video\"><!--[if lt IE 9]><script>document.createElement('video');<\/script><![endif]-->\n<video class=\"wp-video-shortcode\" id=\"video-284-1\" width=\"480\" height=\"360\" preload=\"metadata\" controls=\"controls\"><source type=\"video\/mp4\" src=\"http:\/\/akustische-kamera.fkm-r.de\/wp-content\/uploads\/2019\/12\/klangschalen.mp4?_=1\" \/><a href=\"http:\/\/akustische-kamera.fkm-r.de\/wp-content\/uploads\/2019\/12\/klangschalen.mp4\">http:\/\/akustische-kamera.fkm-r.de\/wp-content\/uploads\/2019\/12\/klangschalen.mp4<\/a><\/video><\/div>\n<\/div>\n<p style=\"text-align: justify;\">Wie im akustischen Film zu sehen ist, tritt nach dem Anschlagen der ersten Schale der maximale Schalldruck bzw. die resultierende Schallquelle im Bereich der mittleren Klangschale auf, wobei diese zu pulsieren scheint. Zudem kann im linken Bildrand eine zweite Quelle beobachtet werden, die nicht kontinuierlich vorhanden ist. Beim zweiten und dritten Anschlagen springt der maximale Schalldruck zwischen die zweite und dritte Schale, und pendelt dabei in einem relativ geringen Bereich zwischen diesen hin und her. F\u00fcr eine korrekte Interpretation bzw. Diskussion der Schallquellen sind weitere Kenntnisse der technischen Akustik notwendig. Um die auftretenden Verl\u00e4ufe richtig deuten zu k\u00f6nnen sind unter anderem Kenntnisse \u00fcber Interferenzen, Beugungen und evt. Reflexionen notwendig, auf die an dieser Stelle nicht weiter eingegangen werden kann.<\/p>\n","protected":false},"excerpt":{"rendered":"<p>In einem weiteren Schritt wurde ein akustischer Film von der kompletten Messung der Klangschalen generiert, mit dessen Hilfe der zeitliche Verlauf der resultierenden Schallquelle(n) visualisiert werden kann. Wie im akustischen Film zu sehen ist, tritt nach dem Anschlagen der ersten &hellip; <a href=\"http:\/\/akustische-kamera.fkm-r.de\/?page_id=284\">Weiterlesen <span class=\"meta-nav\">&rarr;<\/span><\/a><\/p>\n","protected":false},"author":2,"featured_media":0,"parent":737,"menu_order":3,"comment_status":"closed","ping_status":"closed","template":"","meta":[],"_links":{"self":[{"href":"http:\/\/akustische-kamera.fkm-r.de\/index.php?rest_route=\/wp\/v2\/pages\/284"}],"collection":[{"href":"http:\/\/akustische-kamera.fkm-r.de\/index.php?rest_route=\/wp\/v2\/pages"}],"about":[{"href":"http:\/\/akustische-kamera.fkm-r.de\/index.php?rest_route=\/wp\/v2\/types\/page"}],"author":[{"embeddable":true,"href":"http:\/\/akustische-kamera.fkm-r.de\/index.php?rest_route=\/wp\/v2\/users\/2"}],"replies":[{"embeddable":true,"href":"http:\/\/akustische-kamera.fkm-r.de\/index.php?rest_route=%2Fwp%2Fv2%2Fcomments&post=284"}],"version-history":[{"count":17,"href":"http:\/\/akustische-kamera.fkm-r.de\/index.php?rest_route=\/wp\/v2\/pages\/284\/revisions"}],"predecessor-version":[{"id":905,"href":"http:\/\/akustische-kamera.fkm-r.de\/index.php?rest_route=\/wp\/v2\/pages\/284\/revisions\/905"}],"up":[{"embeddable":true,"href":"http:\/\/akustische-kamera.fkm-r.de\/index.php?rest_route=\/wp\/v2\/pages\/737"}],"wp:attachment":[{"href":"http:\/\/akustische-kamera.fkm-r.de\/index.php?rest_route=%2Fwp%2Fv2%2Fmedia&parent=284"}],"curies":[{"name":"wp","href":"https:\/\/api.w.org\/{rel}","templated":true}]}}