{"id":201,"date":"2011-08-10T14:59:57","date_gmt":"2011-08-10T14:59:57","guid":{"rendered":"http:\/\/akustische-kamera.fkm-r.de\/?page_id=201"},"modified":"2011-09-26T10:28:33","modified_gmt":"2011-09-26T10:28:33","slug":"suchen-der-eigenfrequenzen","status":"publish","type":"page","link":"http:\/\/akustische-kamera.fkm-r.de\/?page_id=201","title":{"rendered":"Suchen der Eigenfrequenzen"},"content":{"rendered":"<p style=\"text-align: justify;\">Um bestimmte Frequenzen des Systems Quellen zuordnen zu k\u00f6nnen, ist es hilfreich das Spektrum genauer zu betrachten. In folgender Abbildung ist das Spektrum bei Leerlaufdrehzahl in einem Zeitraum von 0,5s dargestellt. Auff\u00e4llig ist hier, dass die gr\u00f6\u00dften Amplituden um etwa 100 Hz auftreten. Die Frequenz entspricht etwa der Kreisfrequenz des Motors bei Leerlauf. Diese Kreisfrequenz erh\u00f6ht sich jedoch mit zunehmender Motordrehzahl. Die 100 Hz bleiben jedoch auch beim Motorhochlauf die Frequenz bei der die gr\u00f6\u00dften Schalldruckpegel entstehen.<\/p>\n<div id=\"attachment_202\" style=\"width: 692px\" class=\"wp-caption aligncenter\"><a href=\"http:\/\/akustische-kamera.fkm-r.de\/wp-content\/uploads\/2011\/08\/Eigenfrequ1.jpg\" data-rel=\"lightbox-image-0\" data-rl_title=\"\" data-rl_caption=\"\"><img aria-describedby=\"caption-attachment-202\" decoding=\"async\" loading=\"lazy\" class=\"size-full wp-image-202 \" title=\"\" src=\"http:\/\/akustische-kamera.fkm-r.de\/wp-content\/uploads\/2011\/08\/Eigenfrequ1.jpg\" alt=\"\" width=\"682\" height=\"253\" srcset=\"http:\/\/akustische-kamera.fkm-r.de\/wp-content\/uploads\/2011\/08\/Eigenfrequ1.jpg 974w, http:\/\/akustische-kamera.fkm-r.de\/wp-content\/uploads\/2011\/08\/Eigenfrequ1-300x111.jpg 300w\" sizes=\"(max-width: 682px) 100vw, 682px\" \/><\/a><p id=\"caption-attachment-202\" class=\"wp-caption-text\">Spektrum bei Leerlauf; Aufnahmebereich 0,5s<\/p><\/div>\n<p style=\"text-align: justify;\">In einem akustischen Foto betrachtet l\u00e4sst sich dieser Bereich nur in etwa dem Schalld\u00e4mpfer zuordnen. Eine exakte Positionsbestimmung dieser Schallquelle ist jedoch Aufgrund der tiefen Frequenzen und der daraus resultierenden gro\u00dfen Wellenl\u00e4nge nicht m\u00f6glich. Es l\u00e4sst sich jedoch vermuten, dass dies auch die Eigenfrequenz des Schalld\u00e4mpfers ist.<\/p>\n<div id=\"attachment_203\" style=\"width: 385px\" class=\"wp-caption aligncenter\"><a href=\"http:\/\/akustische-kamera.fkm-r.de\/wp-content\/uploads\/2011\/08\/Eigenfrequ2.jpg\" data-rel=\"lightbox-image-1\" data-rl_title=\"\" data-rl_caption=\"\"><img aria-describedby=\"caption-attachment-203\" decoding=\"async\" loading=\"lazy\" class=\"size-full wp-image-203   \" title=\"\" src=\"http:\/\/akustische-kamera.fkm-r.de\/wp-content\/uploads\/2011\/08\/Eigenfrequ2.jpg\" alt=\"\" width=\"375\" height=\"256\" srcset=\"http:\/\/akustische-kamera.fkm-r.de\/wp-content\/uploads\/2011\/08\/Eigenfrequ2.jpg 521w, http:\/\/akustische-kamera.fkm-r.de\/wp-content\/uploads\/2011\/08\/Eigenfrequ2-300x204.jpg 300w\" sizes=\"(max-width: 375px) 100vw, 375px\" \/><\/a><p id=\"caption-attachment-203\" class=\"wp-caption-text\">akustisches Foto im Frequenzbereich von etwa 100Hz; 5ms<\/p><\/div>\n<p>&nbsp;<\/p>\n","protected":false},"excerpt":{"rendered":"<p>Um bestimmte Frequenzen des Systems Quellen zuordnen zu k\u00f6nnen, ist es hilfreich das Spektrum genauer zu betrachten. In folgender Abbildung ist das Spektrum bei Leerlaufdrehzahl in einem Zeitraum von 0,5s dargestellt. Auff\u00e4llig ist hier, dass die gr\u00f6\u00dften Amplituden um etwa &hellip; <a href=\"http:\/\/akustische-kamera.fkm-r.de\/?page_id=201\">Weiterlesen <span class=\"meta-nav\">&rarr;<\/span><\/a><\/p>\n","protected":false},"author":2,"featured_media":0,"parent":73,"menu_order":3,"comment_status":"closed","ping_status":"open","template":"","meta":[],"_links":{"self":[{"href":"http:\/\/akustische-kamera.fkm-r.de\/index.php?rest_route=\/wp\/v2\/pages\/201"}],"collection":[{"href":"http:\/\/akustische-kamera.fkm-r.de\/index.php?rest_route=\/wp\/v2\/pages"}],"about":[{"href":"http:\/\/akustische-kamera.fkm-r.de\/index.php?rest_route=\/wp\/v2\/types\/page"}],"author":[{"embeddable":true,"href":"http:\/\/akustische-kamera.fkm-r.de\/index.php?rest_route=\/wp\/v2\/users\/2"}],"replies":[{"embeddable":true,"href":"http:\/\/akustische-kamera.fkm-r.de\/index.php?rest_route=%2Fwp%2Fv2%2Fcomments&post=201"}],"version-history":[{"count":9,"href":"http:\/\/akustische-kamera.fkm-r.de\/index.php?rest_route=\/wp\/v2\/pages\/201\/revisions"}],"predecessor-version":[{"id":206,"href":"http:\/\/akustische-kamera.fkm-r.de\/index.php?rest_route=\/wp\/v2\/pages\/201\/revisions\/206"}],"up":[{"embeddable":true,"href":"http:\/\/akustische-kamera.fkm-r.de\/index.php?rest_route=\/wp\/v2\/pages\/73"}],"wp:attachment":[{"href":"http:\/\/akustische-kamera.fkm-r.de\/index.php?rest_route=%2Fwp%2Fv2%2Fmedia&parent=201"}],"curies":[{"name":"wp","href":"https:\/\/api.w.org\/{rel}","templated":true}]}}

<p style="text-align: justify;">Um bestimmte Frequenzen des Systems Quellen zuordnen zu können, ist es hilfreich das Spektrum genauer zu betrachten. In folgender Abbildung ist das Spektrum bei Leerlaufdrehzahl in einem Zeitraum von 0,5s dargestellt. Auffällig ist hier, dass die größten Amplituden um etwa 100 Hz auftreten. Die Frequenz entspricht etwa der Kreisfrequenz des Motors bei Leerlauf. Diese Kreisfrequenz erhöht sich jedoch mit zunehmender Motordrehzahl. Die 100 Hz bleiben jedoch auch beim Motorhochlauf die Frequenz bei der die größten Schalldruckpegel entstehen.</p>
<div id="attachment_202" style="width: 692px" class="wp-caption aligncenter"><a href="http://akustische-kamera.fkm-r.de/wp-content/uploads/2011/08/Eigenfrequ1.jpg" data-rel="lightbox-image-0" data-rl_title="" data-rl_caption=""><img aria-describedby="caption-attachment-202" decoding="async" loading="lazy" class="size-full wp-image-202 " title="" src="http://akustische-kamera.fkm-r.de/wp-content/uploads/2011/08/Eigenfrequ1.jpg" alt="" width="682" height="253" srcset="http://akustische-kamera.fkm-r.de/wp-content/uploads/2011/08/Eigenfrequ1.jpg 974w, http://akustische-kamera.fkm-r.de/wp-content/uploads/2011/08/Eigenfrequ1-300x111.jpg 300w" sizes="(max-width: 682px) 100vw, 682px" /></a><p id="caption-attachment-202" class="wp-caption-text">Spektrum bei Leerlauf; Aufnahmebereich 0,5s</p></div>
<p style="text-align: justify;">In einem akustischen Foto betrachtet lässt sich dieser Bereich nur in etwa dem Schalldämpfer zuordnen. Eine exakte Positionsbestimmung dieser Schallquelle ist jedoch Aufgrund der tiefen Frequenzen und der daraus resultierenden großen Wellenlänge nicht möglich. Es lässt sich jedoch vermuten, dass dies auch die Eigenfrequenz des Schalldämpfers ist.</p>
<div id="attachment_203" style="width: 385px" class="wp-caption aligncenter"><a href="http://akustische-kamera.fkm-r.de/wp-content/uploads/2011/08/Eigenfrequ2.jpg" data-rel="lightbox-image-1" data-rl_title="" data-rl_caption=""><img aria-describedby="caption-attachment-203" decoding="async" loading="lazy" class="size-full wp-image-203   " title="" src="http://akustische-kamera.fkm-r.de/wp-content/uploads/2011/08/Eigenfrequ2.jpg" alt="" width="375" height="256" srcset="http://akustische-kamera.fkm-r.de/wp-content/uploads/2011/08/Eigenfrequ2.jpg 521w, http://akustische-kamera.fkm-r.de/wp-content/uploads/2011/08/Eigenfrequ2-300x204.jpg 300w" sizes="(max-width: 375px) 100vw, 375px" /></a><p id="caption-attachment-203" class="wp-caption-text">akustisches Foto im Frequenzbereich von etwa 100Hz; 5ms</p></div>
<p>&nbsp;</p>

<p>Um bestimmte Frequenzen des Systems Quellen zuordnen zu können, ist es hilfreich das Spektrum genauer zu betrachten. In folgender Abbildung ist das Spektrum bei Leerlaufdrehzahl in einem Zeitraum von 0,5s dargestellt. Auffällig ist hier, dass die größten Amplituden um etwa &hellip; <a href="http://akustische-kamera.fkm-r.de/?page_id=201">Weiterlesen <span class="meta-nav">&rarr;</span></a></p>
