{"id":169,"date":"2011-08-10T14:06:41","date_gmt":"2011-08-10T14:06:41","guid":{"rendered":"http:\/\/akustische-kamera.fkm-r.de\/?page_id=169"},"modified":"2011-09-26T10:21:07","modified_gmt":"2011-09-26T10:21:07","slug":"vor-der-eigentlichen-messung","status":"publish","type":"page","link":"http:\/\/akustische-kamera.fkm-r.de\/?page_id=169","title":{"rendered":"Vor der eigentlichen Messung"},"content":{"rendered":"<h2>Vor der eigentlichen Messung<\/h2>\n<h4>Betrachtung des gesamten Frequenzbereichs der 1. Messung<\/h4>\n<p>Das erste akustische Foto wurde \u00fcber einen Frequenzbereich von 0-24kHz gemacht und einer dB(A)-Bewertung unterzogen. In dem Foto ist somit der gesamte Frequenzbereich dargestellt, den das menschliche Ohr wahrnehmen kann. Wie in Abb. 2 gut zu erkennen, st\u00f6ren die Ger\u00e4usche des Kompressors die eigentlich zu untersuchenden und als st\u00f6rend empfundenen Quietschger\u00e4usche der Hubeinheit. M\u00f6chte man diese ordentlich darstellen, ist es notwendig die Frequenzen herauszufiltern, in denen der Kompressor Ger\u00e4usche abstrahlt.<\/p>\n<div class=\"mceTemp mceIEcenter\">\n<dl id=\"attachment_110\" class=\"wp-caption  aligncenter\" style=\"width: 431px;\">\n<dt><a href=\"..\/wp-content\/uploads\/2011\/08\/1.messung.jpg\" data-rel=\"lightbox-image-0\" data-rl_title=\"\" data-rl_caption=\"\"><img decoding=\"async\" loading=\"lazy\" title=\"\" src=\"..\/wp-content\/uploads\/2011\/08\/1.messung.jpg\" alt=\"\" width=\"421\" height=\"279\" \/><\/a><\/dt>\n<dd>Abb. 2: Akustisches Foto der 1. Messung in einem Frequenzbereich von 0-24 kHz<\/dd>\n<\/dl>\n<\/div>\n<p>&nbsp;<\/p>\n<p>.<\/p>\n<p>In Abb. 3 ist das Spektrogramm der Messung zu sehen. Bei etwa 3 kHz tritt der gr\u00f6\u00dfte Schalldruckpegel auf, was vermuten l\u00e4sst, dass diese Frequenzen von dem Kompressor abgestrahlt werden. In Abb. 4 best\u00e4tigt sich diese Vermutung.<\/p>\n<p>&nbsp;<\/p>\n<div class=\"mceTemp mceIEcenter\">\n<dl id=\"attachment_111\" class=\"wp-caption  aligncenter\" style=\"width: 640px;\">\n<dt><a href=\"..\/wp-content\/uploads\/2011\/08\/1.Messung_spektro.jpg\" data-rel=\"lightbox-image-1\" data-rl_title=\"\" data-rl_caption=\"\"><img decoding=\"async\" loading=\"lazy\" title=\"\" src=\"..\/wp-content\/uploads\/2011\/08\/1.Messung_spektro.jpg\" alt=\"\" width=\"630\" height=\"297\" \/><\/a><\/dt>\n<dd>Abb. 3: dB (A) bewertetes Spektrogramm in logarithmischer Darstellung. (1.Messung)<\/dd>\n<\/dl>\n<\/div>\n<p>.<\/p>\n<p>&nbsp;<\/p>\n<div class=\"mceTemp mceIEcenter\">\n<dl id=\"attachment_112\" class=\"wp-caption  aligncenter\" style=\"width: 457px;\">\n<dt><a href=\"..\/wp-content\/uploads\/2011\/08\/1.Messung_2.7-3.3.jpg\" data-rel=\"lightbox-image-2\" data-rl_title=\"\" data-rl_caption=\"\"><img decoding=\"async\" loading=\"lazy\" title=\"\" src=\"..\/wp-content\/uploads\/2011\/08\/1.Messung_2.7-3.3.jpg\" alt=\"\" width=\"447\" height=\"310\" \/><\/a><\/dt>\n<dd>Abb. 4: 1. Messung; Frequenzbereich 2.7-3.3 kHz<\/dd>\n<\/dl>\n<\/div>\n<p>In dem betrachteten Frequenzbereich von 2.7-3.3 kHz und einem Dynamikbereich von 4dB ist nur noch der Kompressor als Schallquelle zu erkennen. Bei sp\u00e4teren Messungen zeigt sich noch, dass auch von der Hubeinheit T\u00f6ne in diesem Frequenzbereich auftreten.<\/p>\n<p>&nbsp;<\/p>\n<p>&nbsp;<\/p>\n<div class=\"mceTemp mceIEcenter\">\n<dl id=\"attachment_113\" class=\"wp-caption  aligncenter\" style=\"width: 457px;\">\n<dt><a href=\"..\/wp-content\/uploads\/2011\/08\/1.Messung_2.7-3.31.jpg\" data-rel=\"lightbox-image-3\" data-rl_title=\"\" data-rl_caption=\"\"><img decoding=\"async\" loading=\"lazy\" title=\"\" src=\"..\/wp-content\/uploads\/2011\/08\/1.Messung_2.7-3.31.jpg\" alt=\"\" width=\"447\" height=\"310\" \/><\/a><\/dt>\n<dd>Abb. 5: 1. Messung; Frequenzbereich 1.5-2.4 kHz<\/dd>\n<\/dl>\n<\/div>\n<p>\u00dcber die Frequenzselektion kann genau bestimmt werden, woher das jeweilige Ger\u00e4usch kommt. Jedoch ist das umso aufwendiger, je mehr st\u00f6rende Schallquellen die Messung beeinflussen. Das menschliche Ohr ist nicht bei allen Frequenzen gleich empfindlich, am empfindlichsten aber zwischen 2 kHz und 5 kHz, am wenigsten empfindlich bei sehr hohen und tiefen Frequenzen. Da die Signale des Kompressors genau in diesen Bereich fallen, ist es sinnvoll diesen abzuschirmen<\/p>\n","protected":false},"excerpt":{"rendered":"<p>Vor der eigentlichen Messung Betrachtung des gesamten Frequenzbereichs der 1. Messung Das erste akustische Foto wurde \u00fcber einen Frequenzbereich von 0-24kHz gemacht und einer dB(A)-Bewertung unterzogen. In dem Foto ist somit der gesamte Frequenzbereich dargestellt, den das menschliche Ohr wahrnehmen &hellip; <a href=\"http:\/\/akustische-kamera.fkm-r.de\/?page_id=169\">Weiterlesen <span class=\"meta-nav\">&rarr;<\/span><\/a><\/p>\n","protected":false},"author":2,"featured_media":0,"parent":65,"menu_order":1,"comment_status":"closed","ping_status":"open","template":"","meta":[],"_links":{"self":[{"href":"http:\/\/akustische-kamera.fkm-r.de\/index.php?rest_route=\/wp\/v2\/pages\/169"}],"collection":[{"href":"http:\/\/akustische-kamera.fkm-r.de\/index.php?rest_route=\/wp\/v2\/pages"}],"about":[{"href":"http:\/\/akustische-kamera.fkm-r.de\/index.php?rest_route=\/wp\/v2\/types\/page"}],"author":[{"embeddable":true,"href":"http:\/\/akustische-kamera.fkm-r.de\/index.php?rest_route=\/wp\/v2\/users\/2"}],"replies":[{"embeddable":true,"href":"http:\/\/akustische-kamera.fkm-r.de\/index.php?rest_route=%2Fwp%2Fv2%2Fcomments&post=169"}],"version-history":[{"count":8,"href":"http:\/\/akustische-kamera.fkm-r.de\/index.php?rest_route=\/wp\/v2\/pages\/169\/revisions"}],"predecessor-version":[{"id":948,"href":"http:\/\/akustische-kamera.fkm-r.de\/index.php?rest_route=\/wp\/v2\/pages\/169\/revisions\/948"}],"up":[{"embeddable":true,"href":"http:\/\/akustische-kamera.fkm-r.de\/index.php?rest_route=\/wp\/v2\/pages\/65"}],"wp:attachment":[{"href":"http:\/\/akustische-kamera.fkm-r.de\/index.php?rest_route=%2Fwp%2Fv2%2Fmedia&parent=169"}],"curies":[{"name":"wp","href":"https:\/\/api.w.org\/{rel}","templated":true}]}}

<h2>Vor der eigentlichen Messung</h2>
<h4>Betrachtung des gesamten Frequenzbereichs der 1. Messung</h4>
<p>Das erste akustische Foto wurde über einen Frequenzbereich von 0-24kHz gemacht und einer dB(A)-Bewertung unterzogen. In dem Foto ist somit der gesamte Frequenzbereich dargestellt, den das menschliche Ohr wahrnehmen kann. Wie in Abb. 2 gut zu erkennen, stören die Geräusche des Kompressors die eigentlich zu untersuchenden und als störend empfundenen Quietschgeräusche der Hubeinheit. Möchte man diese ordentlich darstellen, ist es notwendig die Frequenzen herauszufiltern, in denen der Kompressor Geräusche abstrahlt.</p>
<div class="mceTemp mceIEcenter">
<dl id="attachment_110" class="wp-caption  aligncenter" style="width: 431px;">
<dt><a href="../wp-content/uploads/2011/08/1.messung.jpg" data-rel="lightbox-image-0" data-rl_title="" data-rl_caption=""><img decoding="async" loading="lazy" title="" src="../wp-content/uploads/2011/08/1.messung.jpg" alt="" width="421" height="279" /></a></dt>
<dd>Abb. 2: Akustisches Foto der 1. Messung in einem Frequenzbereich von 0-24 kHz</dd>
</dl>
</div>
<p>&nbsp;</p>
<p>.</p>
<p>In Abb. 3 ist das Spektrogramm der Messung zu sehen. Bei etwa 3 kHz tritt der größte Schalldruckpegel auf, was vermuten lässt, dass diese Frequenzen von dem Kompressor abgestrahlt werden. In Abb. 4 bestätigt sich diese Vermutung.</p>
<p>&nbsp;</p>
<div class="mceTemp mceIEcenter">
<dl id="attachment_111" class="wp-caption  aligncenter" style="width: 640px;">
<dt><a href="../wp-content/uploads/2011/08/1.Messung_spektro.jpg" data-rel="lightbox-image-1" data-rl_title="" data-rl_caption=""><img decoding="async" loading="lazy" title="" src="../wp-content/uploads/2011/08/1.Messung_spektro.jpg" alt="" width="630" height="297" /></a></dt>
<dd>Abb. 3: dB (A) bewertetes Spektrogramm in logarithmischer Darstellung. (1.Messung)</dd>
</dl>
</div>
<p>.</p>
<p>&nbsp;</p>
<div class="mceTemp mceIEcenter">
<dl id="attachment_112" class="wp-caption  aligncenter" style="width: 457px;">
<dt><a href="../wp-content/uploads/2011/08/1.Messung_2.7-3.3.jpg" data-rel="lightbox-image-2" data-rl_title="" data-rl_caption=""><img decoding="async" loading="lazy" title="" src="../wp-content/uploads/2011/08/1.Messung_2.7-3.3.jpg" alt="" width="447" height="310" /></a></dt>
<dd>Abb. 4: 1. Messung; Frequenzbereich 2.7-3.3 kHz</dd>
</dl>
</div>
<p>In dem betrachteten Frequenzbereich von 2.7-3.3 kHz und einem Dynamikbereich von 4dB ist nur noch der Kompressor als Schallquelle zu erkennen. Bei späteren Messungen zeigt sich noch, dass auch von der Hubeinheit Töne in diesem Frequenzbereich auftreten.</p>
<p>&nbsp;</p>
<p>&nbsp;</p>
<div class="mceTemp mceIEcenter">
<dl id="attachment_113" class="wp-caption  aligncenter" style="width: 457px;">
<dt><a href="../wp-content/uploads/2011/08/1.Messung_2.7-3.31.jpg" data-rel="lightbox-image-3" data-rl_title="" data-rl_caption=""><img decoding="async" loading="lazy" title="" src="../wp-content/uploads/2011/08/1.Messung_2.7-3.31.jpg" alt="" width="447" height="310" /></a></dt>
<dd>Abb. 5: 1. Messung; Frequenzbereich 1.5-2.4 kHz</dd>
</dl>
</div>
<p>Über die Frequenzselektion kann genau bestimmt werden, woher das jeweilige Geräusch kommt. Jedoch ist das umso aufwendiger, je mehr störende Schallquellen die Messung beeinflussen. Das menschliche Ohr ist nicht bei allen Frequenzen gleich empfindlich, am empfindlichsten aber zwischen 2 kHz und 5 kHz, am wenigsten empfindlich bei sehr hohen und tiefen Frequenzen. Da die Signale des Kompressors genau in diesen Bereich fallen, ist es sinnvoll diesen abzuschirmen</p>

<p>Vor der eigentlichen Messung Betrachtung des gesamten Frequenzbereichs der 1. Messung Das erste akustische Foto wurde über einen Frequenzbereich von 0-24kHz gemacht und einer dB(A)-Bewertung unterzogen. In dem Foto ist somit der gesamte Frequenzbereich dargestellt, den das menschliche Ohr wahrnehmen &hellip; <a href="http://akustische-kamera.fkm-r.de/?page_id=169">Weiterlesen <span class="meta-nav">&rarr;</span></a></p>
